
7
Let f be (2 + 1)/(5/45). Suppose -4*d = u - 9 - 14, -4*u - f = -d. Suppose -19 = -6*r + 89. What is the remainder when r is divided by d?
4
What is the remainder when 98 is divided by 1044/66 - 18/(-99)?
2
Let p(r) = 2*r**2 + 10*r + 43. Calculate the remainder when 214 is divided by p(-5).
42
Let u = 1212 + -1161. Calculate the remainder when 202 is divided by u.
49
Let w = -224 - -590. Suppose -5*h = 4*a - 462, a = -4*h - a + w. What is the remainder when h is divided by 31?
28
Let d(n) = 3*n**2 - 11*n - 6. Calculate the remainder when (26/(-6))/(2/(-24)) is divided by d(5).
10
Let w(t) = t**3 - 24*t**2 - 25*t + 24. Suppose 7*h = 2*h + 340. Calculate the remainder when h is divided by w(25).
20
Suppose -2*g + 233 = -7*l + 4*l, 4*l = 3*g - 349. What is the remainder when g is divided by 61?
54
Suppose 4*v = -4*i + 8, -14 - 4 = -2*v + 5*i. What is the remainder when 91 is divided by ((4/(-3))/v)/(2/(-186))?
29
What is the remainder when 2544/(-40)*15/(-6) is divided by 53?
0
Let r(b) = -3*b - 3. Let d be r(-2). Suppose 0 = -a + d*a - 66. Suppose -5*i = -4*t + 33, t - 27 = -5*i - 0*i. What is the remainder when a is divided by t?
9
Suppose 0 = 52*u + 65 - 1209. What is the remainder when 557 is divided by u?
7
Calculate the remainder when ((-28566)/(-1035))/(0 - 6/(-40)) is divided by 32.
24
Let t(r) = r**3 + 2*r**2 + 4*r + 6. What is the remainder when 11 is divided by t(0)?
5
Let u = -15 - -15. Suppose u = -2*k + k + 23. Let x = k + -11. What is the remainder when 22 is divided by x?
10
Suppose 5 = 9*j - 10*j. What is the remainder when 17/(-2)*5/(j/12) is divided by 26?
24
Suppose -304*x = -299*x - 185. Calculate the remainder when x is divided by 26.
11
Suppose -3*z = -4*w - 14 + 35, 5*z = 2*w - 7. Calculate the remainder when 58/87 - 5/(15/(-28)) is divided by w.
4
Suppose -93*h + 99*h = 690. Let j(n) = -5*n - 5. What is the remainder when h is divided by j(-7)?
25
Let r = -7 - -22. Let v = 100 + -28. What is the remainder when v is divided by r?
12
Let x(m) = m**3 - 4*m**2 - 7*m + 6. Let p be x(5). Let f(c) = c**2 - 2. What is the remainder when 24 - (1 - (6 - 3)) is divided by f(p)?
12
Suppose 0 = n - 16 - 2. Calculate the remainder when 214 is divided by n.
16
Let g(s) = 12*s**2 + 5*s + 3*s**2 + 0 + 4. What is the remainder when 208 is divided by g(-1)?
12
Suppose -w - 3*i = -326, 4*w - 1293 = 12*i - 13*i. Calculate the remainder when w is divided by 12.
11
Let b be 0/(-4)*(-2)/(-6). Suppose -3*m = -4*x + 2*x + 128, -x = m - 54. Calculate the remainder when x is divided by -1 + 5 + (b - -16).
18
Calculate the remainder when 1 + (-2)/3 - (-8854)/114 is divided by 13.
0
Let s = -27 - -39. Calculate the remainder when (1 - -10)/(1/2) is divided by s.
10
Let j(h) = -h**3 + h**2 + 6*h + 12. Calculate the remainder when 28 is divided by j(3).
4
Let y(h) = -h**2 + h. Let r be y(1). Suppose 4*f = -6*n + n + 39, 25 = -5*n. Calculate the remainder when 48 is divided by 1*f + 1 + r.
14
Suppose -4*a = -3*c + 5*c - 24, -3*a + 4*c = 4. Suppose -3*j + 2*v + 9 = a*v, 23 = 4*j - v. Calculate the remainder when 33/2 - 2/(-4) is divided by j.
2
Let j(r) be the second derivative of r**4/12 + 2*r**3/3 + 11*r**2/2 - 25*r. Suppose -b + 35 = -19. What is the remainder when b is divided by j(-4)?
10
Suppose -12*g + 5*g = -98. Calculate the remainder when (2 - 17/(-4))*4 is divided by g.
11
Let l(b) = -38*b + 1. Suppose -5*k + 41 = o, o - 43 = -k - 30. Calculate the remainder when l(-1) is divided by k.
4
Let v = 9 - 3. Let d(x) = -x**2 - 11*x + 11. Let b be d(-13). Let m = -7 - b. What is the remainder when m is divided by v?
2
Let x = 2374 + -1663. Calculate the remainder when x is divided by 119.
116
Let h(r) = 18*r - 561. What is the remainder when 3283 is divided by h(32)?
13
Suppose 5*m - 90 = 4*m. Suppose 7*z - m = -3*z. What is the remainder when 35 is divided by z?
8
Let w be (-21)/6 + (-1)/(-2). Let p be (w/(-6))/((-3)/1320). What is the remainder when 29 is divided by p/(-14) - (-4)/14?
13
Suppose -4*g = -3*t + 31, -3*t - 3*g + 10 + 56 = 0. What is the remainder when 48 is divided by t?
14
Let h(v) = -v**2 - 5*v + 2. Let l be h(-5). Suppose -2*g + 44 = l*g. Let b(m) = -2*m**2 - 26*m - 24. What is the remainder when b(-11) is divided by g?
9
Let g(n) = 6*n**2 - 7*n + 1. Let x be g(4). Let q = -33 + x. Calculate the remainder when q is divided by 19.
17
Let b(y) = y - 4. Suppose -a - 3*h = a - 143, 2*a - 5*h - 119 = 0. Suppose -33 = -2*u + a. Calculate the remainder when u is divided by b(22).
14
Suppose 0 = a - 4*a + 42. What is the remainder when 1*5/(10/82) is divided by a?
13
Let y be -4*(3 - (-76)/(-16)). Let o = 10 - y. What is the remainder when 9 is divided by o?
0
Suppose -30*a + 35*a = 1200. Suppose 0 = -4*m + 2*h - 24, -4*m - 12 = -h + 5*h. What is the remainder when 36 is divided by a/25 + (-2)/m?
6
Suppose 4 = -2*i - 2. Let j be -2*(-14 - i - 2). Calculate the remainder when 51 is divided by (2*j)/4*1.
12
Suppose 3*q - 3*f = -4*f + 130, 5*f = 4*q - 148. Let p = -18 + 3. Let n = -4 - p. Calculate the remainder when q is divided by n.
9
Let w = -4 - -18. Let m be (-14)/(-8) + 13/52. Suppose m*g - n = 57, 24 = 2*g - 3*n - 39. Calculate the remainder when g is divided by w.
13
Let i be (-444)/(-4)*((-16)/3)/4. Let z = i + 216. What is the remainder when z is divided by 36?
32
What is the remainder when 72 is divided by (-48)/40*(-115)/2?
3
Suppose -5 = -2*a - l + 2*l, -4*l = 4. Suppose -5*f + 20 = -375. Suppose 3*c + 29 = g, a*g - c + 2*c - f = 0. What is the remainder when g is divided by 10?
8
Suppose -3*g = 3*r - 150, -4*r = 5*g - 3*r - 238. Let d = g + -20. Calculate the remainder when d is divided by 7.
6
Suppose -4*j - j = 0. Suppose -4 = -s - j. Suppose -s*c + 35 = c. Calculate the remainder when 23 is divided by c.
2
What is the remainder when (64/80)/(6/1695) is divided by 61?
43
Suppose l - 550 = -3*k, -3*k = 4*l + 5 - 540. Calculate the remainder when k is divided by 48.
41
Suppose -3*x = -5*f + 90, 6*f - 30 = 3*f - 3*x. Calculate the remainder when f is divided by 12.
3
Let l = -129 - -194. What is the remainder when l is divided by 29?
7
What is the remainder when (-2)/(-18)*4 - 744662/(-522) is divided by 26?
23
Let s = 662 + -625. What is the remainder when s is divided by 34?
3
Let q = -88 - -146. Calculate the remainder when q is divided by 21.
16
Let d = 113 - 112. Let g = -2 + 4. Suppose -11 = 4*v - 5*s, 4*v - 14 = -4*s + g. What is the remainder when d is divided by v?
0
Let u = 18 - 3. Let a = 2 + 0. Calculate the remainder when u is divided by a.
1
Let s = -745 - -759. What is the remainder when 26 is divided by s?
12
Let b(k) = 10*k**2 + 15*k**2 + 13*k**2 + 33 - 39*k**2. Calculate the remainder when 97 is divided by b(0).
31
Let i be 1/(-1*6) + 350/84. Suppose -3*k - i = -148. What is the remainder when k is divided by 13?
9
Suppose 3*p = -n + 9 + 22, 53 = 3*n - p. What is the remainder when 75 is divided by n?
18
Let x(y) = -2*y**3 + 27*y**2 - 13*y + 7. Let d be x(13). Suppose d = j - 13. Calculate the remainder when 37 is divided by j.
17
Let l(g) = 2*g**3 + 9*g**2 - 9*g - 7. Let t(i) = -i**3 - 10*i**2 + 10*i + 7. Let h(a) = 2*l(a) + 3*t(a). What is the remainder when 160 is divided by h(11)?
16
Let j = 30 - 5. Suppose 4*a - j = -i - 0*i, -41 = -3*i + 5*a. Calculate the remainder when i is divided by 6.
5
Suppose 0 = 5*v + n - 4537, -82*v + 2*n = -78*v - 3638. Calculate the remainder when v is divided by 57.
53
Suppose -2*f = -10, -5*o + 467 - 67 = 3*f. What is the remainder when o is divided by 15?
2
Let x(b) = 3*b + 9. Let s be x(-6). Calculate the remainder when ((-174)/4)/(s/24*2) is divided by 22.
14
Let i = 1 - -4. Let f(b) = -b**2 + 7*b - 7. Let t(m) = m**3 - 19*m**2 + 35*m - 9. What is the remainder when t(17) is divided by f(i)?
2
Let c(f) = -2*f**2 + 33*f - 58. What is the remainder when c(13) is divided by (-51*6/9)/(-2)?
16
Let c(s) = 2*s**2 + 13*s + 13. Calculate the remainder when 275 is divided by c(-7).
15
Suppose s + 7 = 19. Suppose -s = 9*b - 13*b. Suppose -b*u - q = -2*q - 149, -5*q - 10 = 0. What is the remainder when u is divided by 26?
23
Let y be 4/(-1) - (13 - 19). Suppose -5*i + y*i + 34 = 4*t, -4*i + 46 = 5*t. Calculate the remainder when i is divided by 4.
2
Let w = 39 + -33. Suppose 21